{"id":73,"date":"2011-01-13T14:47:27","date_gmt":"2011-01-13T14:47:27","guid":{"rendered":"http:\/\/camping-stieglitz.de\/"},"modified":"2023-12-20T12:56:54","modified_gmt":"2023-12-20T11:56:54","slug":"stellplatze","status":"publish","type":"page","link":"https:\/\/camping-stieglitz.de\/?page_id=73","title":{"rendered":"Stellpl\u00e4tze"},"content":{"rendered":"<p>Ihr Platz an der Ostsee! Der Camping Stieglitz bietet Ihnen ein St\u00fcck Rasen und Natur vor der eigenen Ferienhaust\u00fcr. Gro\u00dfz\u00fcgige Stellpl\u00e4tze in drei verschiedenen Kategorien, je nach Komfort mit Wiese, Stromanschluss mit 16 Amp. und einem Wasser- und Abwasseranschluss an.<\/p>\n<p>Wir verf\u00fcgen je nach Wetterlage und Baumbestand \u00fcber ein fl\u00e4chendeckendes WLAN welches f\u00fcr Emails und Websites ausgebaut ist. Videos oder Streams sind auf Grund der Bandbreite bei Ihren Nachbarn nicht gerne gesehen. Fernsehen k\u00f6nnen Sie DVB-T empfangen wobei auch hier eine Einschr\u00e4nkung auf die \u00f6ffentlichen Rechtlichen begrenzt ist.<\/p>\n<p>Daf\u00fcr z\u00e4hlt hier als Besch\u00e4ftigung &#8222;Ein-Norden&#8220; und spazierengehen, in der Sonne liegen und dem Wind widerstehen&#8230;die Stellpl\u00e4tze liegen zwischen 200 und 400m vom Sandstrand der Ostsee entfernt. Ruhige Lage in einer Sackgasse zwei Kilometer von der Seebr\u00fccke des Ostseeheilbades und 1,5 Kilometer vom Kurmittelhaus entfernt.<\/p>\n\n\t\t\t<div class='tabs-left et_sliderfx_slide et_sliderauto_false et_sliderauto_speed_5000 et_slidertype_left_tabs clearfix'>\n\t\t\t\t<div class='et_left_tabs_bg'><\/div>\n\t\t\t\t<ul class='et-tabs-control'>\n\t\t\t&nbsp; \n\t\t<li><a href='#'>\n\t\t\t100m\u00b2 mit Wasser\n\t\t<\/a><\/li> \n\t\t<li><a href='#'>\n\t\t\t140m\u00b2 mit Wasser\n\t\t<\/a><\/li> \n\t\t<li><a href='#'>\n\t\t\t250m\u00b2 mit Wasser\n\t\t<\/a><\/li>\n\t\t<\/ul> <!-- .et-tabs-control --> \n\t\t<div class='et-tabs-content'>\n\t\t\t<div class='et-tabs-content-main-wrap'>\n\t\t\t\t<div class='et-tabs-content-wrapper'>\n\t\t\t\t\t<div class='et_slidecontent'>\n\t\t\tDies ist unsere Kategorie mit den meisten Stellpl\u00e4tzen. Umgeben von Natur sind die Pl\u00e4tze mit einem Stromanschluss mit 16Amp. abgesichert und verf\u00fcgen \u00fcber einen Frischwasser und Abwasseranschluss. Diese Pl\u00e4tze befinden sich auf dem Gothaer Platz und auf dem Freiberger Platz in der A-Reihe\n\t\t<\/div> \n\t\t<div class='et_slidecontent'>\n\t\t\tDiese Stellpl\u00e4tze befinden sich auf dem Freiberger Platz in der B-Reihe oder wie wir in der Rezeption sagen: Erste Stra\u00dfe links hinter der Schranke!. Sehr sch\u00f6n gro\u00dfz\u00fcgige Stellpl\u00e4tze in der N\u00e4he des Waschgeb\u00e4udes. Ebenfalls mit Strom (16Amp.) und Wasser und Abwasseranschluss.\n\t\t<\/div> \n\t\t<div class='et_slidecontent'>\n\t\t\tEine Besonderheit des Camping Stieglitz. Selbst in der Hauptsaison haben Sie hier Ihre Ruhe und gen\u00fcgend Platz f\u00fcr die Familie. Gelegen auf dem Freiberger Platz, aufgelockert mit Hecken und B\u00fcschen sind diese Pl\u00e4tze einfach ein Erlebnis. Nat\u00fcrlich alles vorhanden um Ihren Wohnwagen anzuschlie\u00dfen.\n\t\t<\/div>\n\t\t\t\t<\/div>\n\t\t\t<\/div>\n\t\t<\/div>\n\t\t\t<\/div> <!-- .tabs-left -->\n<!-- index.php -->\n<div\n\tclass=\"ngg-galleryoverview ngg-ajax-pagination-none\"\n\tid=\"ngg-gallery-df8a4c72fe1b776105834805411f3cf0-1\">\n\n    \t\t<!-- Thumbnails -->\n\t\t\t\t<div id=\"ngg-image-0\" class=\"ngg-gallery-thumbnail-box\" >\n\t\t\t\t        <div class=\"ngg-gallery-thumbnail\">\n            <a href=\"https:\/\/camping-stieglitz.de\/wp-content\/gallery\/stellplaetze\/freiberger-platz-b-reihe.jpg\"\n               title=\"\"\n               data-src=\"https:\/\/camping-stieglitz.de\/wp-content\/gallery\/stellplaetze\/freiberger-platz-b-reihe.jpg\"\n               data-thumbnail=\"https:\/\/camping-stieglitz.de\/wp-content\/gallery\/stellplaetze\/thumbs\/thumbs_freiberger-platz-b-reihe.jpg\"\n               data-image-id=\"236\"\n               data-title=\"freiberger-platz-b-reihe\"\n               data-description=\"\"\n               data-image-slug=\"freiberger-platz-b-reihe\"\n               class='thickbox' rel='df8a4c72fe1b776105834805411f3cf0'>\n                <img\n                    title=\"freiberger-platz-b-reihe\"\n                    alt=\"freiberger-platz-b-reihe\"\n                    src=\"https:\/\/camping-stieglitz.de\/wp-content\/gallery\/stellplaetze\/thumbs\/thumbs_freiberger-platz-b-reihe.jpg\"\n                    width=\"100\"\n                    height=\"75\"\n                    style=\"max-width:100%;\"\n                \/>\n            <\/a>\n        <\/div>\n\t\t\t\t\t\t\t<\/div> \n\t\t\t\n        \n\t\t\t\t<div id=\"ngg-image-1\" class=\"ngg-gallery-thumbnail-box\" >\n\t\t\t\t        <div class=\"ngg-gallery-thumbnail\">\n            <a href=\"https:\/\/camping-stieglitz.de\/wp-content\/gallery\/stellplaetze\/freiberger-platz-natur-pur.jpg\"\n               title=\"\"\n               data-src=\"https:\/\/camping-stieglitz.de\/wp-content\/gallery\/stellplaetze\/freiberger-platz-natur-pur.jpg\"\n               data-thumbnail=\"https:\/\/camping-stieglitz.de\/wp-content\/gallery\/stellplaetze\/thumbs\/thumbs_freiberger-platz-natur-pur.jpg\"\n               data-image-id=\"237\"\n               data-title=\"freiberger-platz-natur-pur\"\n               data-description=\"\"\n               data-image-slug=\"freiberger-platz-natur-pur\"\n               class='thickbox' rel='df8a4c72fe1b776105834805411f3cf0'>\n                <img\n                    title=\"freiberger-platz-natur-pur\"\n                    alt=\"freiberger-platz-natur-pur\"\n                    src=\"https:\/\/camping-stieglitz.de\/wp-content\/gallery\/stellplaetze\/thumbs\/thumbs_freiberger-platz-natur-pur.jpg\"\n                    width=\"100\"\n                    height=\"75\"\n                    style=\"max-width:100%;\"\n                \/>\n            <\/a>\n        <\/div>\n\t\t\t\t\t\t\t<\/div> \n\t\t\t\n        \n\t\t\t\t<div id=\"ngg-image-2\" class=\"ngg-gallery-thumbnail-box\" >\n\t\t\t\t        <div class=\"ngg-gallery-thumbnail\">\n            <a href=\"https:\/\/camping-stieglitz.de\/wp-content\/gallery\/stellplaetze\/gothaer-platz-o-p-reihe.jpg\"\n               title=\"\"\n               data-src=\"https:\/\/camping-stieglitz.de\/wp-content\/gallery\/stellplaetze\/gothaer-platz-o-p-reihe.jpg\"\n               data-thumbnail=\"https:\/\/camping-stieglitz.de\/wp-content\/gallery\/stellplaetze\/thumbs\/thumbs_gothaer-platz-o-p-reihe.jpg\"\n               data-image-id=\"238\"\n               data-title=\"gothaer-platz-o-p-reihe\"\n               data-description=\"\"\n               data-image-slug=\"gothaer-platz-o-p-reihe\"\n               class='thickbox' rel='df8a4c72fe1b776105834805411f3cf0'>\n                <img\n                    title=\"gothaer-platz-o-p-reihe\"\n                    alt=\"gothaer-platz-o-p-reihe\"\n                    src=\"https:\/\/camping-stieglitz.de\/wp-content\/gallery\/stellplaetze\/thumbs\/thumbs_gothaer-platz-o-p-reihe.jpg\"\n                    width=\"100\"\n                    height=\"75\"\n                    style=\"max-width:100%;\"\n                \/>\n            <\/a>\n        <\/div>\n\t\t\t\t\t\t\t<\/div> \n\t\t\t\n        \n\t\t\t\t<div id=\"ngg-image-3\" class=\"ngg-gallery-thumbnail-box\" >\n\t\t\t\t        <div class=\"ngg-gallery-thumbnail\">\n            <a href=\"https:\/\/camping-stieglitz.de\/wp-content\/gallery\/stellplaetze\/gothaer-platz-p-q-reihe.jpg\"\n               title=\"\"\n               data-src=\"https:\/\/camping-stieglitz.de\/wp-content\/gallery\/stellplaetze\/gothaer-platz-p-q-reihe.jpg\"\n               data-thumbnail=\"https:\/\/camping-stieglitz.de\/wp-content\/gallery\/stellplaetze\/thumbs\/thumbs_gothaer-platz-p-q-reihe.jpg\"\n               data-image-id=\"239\"\n               data-title=\"gothaer-platz-p-q-reihe\"\n               data-description=\"\"\n               data-image-slug=\"gothaer-platz-p-q-reihe\"\n               class='thickbox' rel='df8a4c72fe1b776105834805411f3cf0'>\n                <img\n                    title=\"gothaer-platz-p-q-reihe\"\n                    alt=\"gothaer-platz-p-q-reihe\"\n                    src=\"https:\/\/camping-stieglitz.de\/wp-content\/gallery\/stellplaetze\/thumbs\/thumbs_gothaer-platz-p-q-reihe.jpg\"\n                    width=\"100\"\n                    height=\"75\"\n                    style=\"max-width:100%;\"\n                \/>\n            <\/a>\n        <\/div>\n\t\t\t\t\t\t\t<\/div> \n\t\t\t\n        \n\t\t\t\t<div id=\"ngg-image-4\" class=\"ngg-gallery-thumbnail-box\" >\n\t\t\t\t        <div class=\"ngg-gallery-thumbnail\">\n            <a href=\"https:\/\/camping-stieglitz.de\/wp-content\/gallery\/stellplaetze\/gothaer-platz-q-reihe.jpg\"\n               title=\"\"\n               data-src=\"https:\/\/camping-stieglitz.de\/wp-content\/gallery\/stellplaetze\/gothaer-platz-q-reihe.jpg\"\n               data-thumbnail=\"https:\/\/camping-stieglitz.de\/wp-content\/gallery\/stellplaetze\/thumbs\/thumbs_gothaer-platz-q-reihe.jpg\"\n               data-image-id=\"240\"\n               data-title=\"gothaer-platz-q-reihe\"\n               data-description=\"\"\n               data-image-slug=\"gothaer-platz-q-reihe\"\n               class='thickbox' rel='df8a4c72fe1b776105834805411f3cf0'>\n                <img\n                    title=\"gothaer-platz-q-reihe\"\n                    alt=\"gothaer-platz-q-reihe\"\n                    src=\"https:\/\/camping-stieglitz.de\/wp-content\/gallery\/stellplaetze\/thumbs\/thumbs_gothaer-platz-q-reihe.jpg\"\n                    width=\"100\"\n                    height=\"75\"\n                    style=\"max-width:100%;\"\n                \/>\n            <\/a>\n        <\/div>\n\t\t\t\t\t\t\t<\/div> \n\t\t\t\n        \n\t\t\t\t<div id=\"ngg-image-5\" class=\"ngg-gallery-thumbnail-box\" >\n\t\t\t\t        <div class=\"ngg-gallery-thumbnail\">\n            <a href=\"https:\/\/camping-stieglitz.de\/wp-content\/gallery\/stellplaetze\/gothaer-platz-reisemobile.jpg\"\n               title=\"\"\n               data-src=\"https:\/\/camping-stieglitz.de\/wp-content\/gallery\/stellplaetze\/gothaer-platz-reisemobile.jpg\"\n               data-thumbnail=\"https:\/\/camping-stieglitz.de\/wp-content\/gallery\/stellplaetze\/thumbs\/thumbs_gothaer-platz-reisemobile.jpg\"\n               data-image-id=\"241\"\n               data-title=\"gothaer-platz-reisemobile\"\n               data-description=\"\"\n               data-image-slug=\"gothaer-platz-reisemobile\"\n               class='thickbox' rel='df8a4c72fe1b776105834805411f3cf0'>\n                <img\n                    title=\"gothaer-platz-reisemobile\"\n                    alt=\"gothaer-platz-reisemobile\"\n                    src=\"https:\/\/camping-stieglitz.de\/wp-content\/gallery\/stellplaetze\/thumbs\/thumbs_gothaer-platz-reisemobile.jpg\"\n                    width=\"100\"\n                    height=\"75\"\n                    style=\"max-width:100%;\"\n                \/>\n            <\/a>\n        <\/div>\n\t\t\t\t\t\t\t<\/div> \n\t\t\t\n        \n\t\t\t\t<div id=\"ngg-image-6\" class=\"ngg-gallery-thumbnail-box\" >\n\t\t\t\t        <div class=\"ngg-gallery-thumbnail\">\n            <a href=\"https:\/\/camping-stieglitz.de\/wp-content\/gallery\/stellplaetze\/haller-platz-a-b-reihe.jpg\"\n               title=\"\"\n               data-src=\"https:\/\/camping-stieglitz.de\/wp-content\/gallery\/stellplaetze\/haller-platz-a-b-reihe.jpg\"\n               data-thumbnail=\"https:\/\/camping-stieglitz.de\/wp-content\/gallery\/stellplaetze\/thumbs\/thumbs_haller-platz-a-b-reihe.jpg\"\n               data-image-id=\"242\"\n               data-title=\"haller-platz-a-b-reihe\"\n               data-description=\"\"\n               data-image-slug=\"haller-platz-a-b-reihe\"\n               class='thickbox' rel='df8a4c72fe1b776105834805411f3cf0'>\n                <img\n                    title=\"haller-platz-a-b-reihe\"\n                    alt=\"haller-platz-a-b-reihe\"\n                    src=\"https:\/\/camping-stieglitz.de\/wp-content\/gallery\/stellplaetze\/thumbs\/thumbs_haller-platz-a-b-reihe.jpg\"\n                    width=\"100\"\n                    height=\"75\"\n                    style=\"max-width:100%;\"\n                \/>\n            <\/a>\n        <\/div>\n\t\t\t\t\t\t\t<\/div> \n\t\t\t\n        \n\t\t\t\t<div id=\"ngg-image-7\" class=\"ngg-gallery-thumbnail-box\" >\n\t\t\t\t        <div class=\"ngg-gallery-thumbnail\">\n            <a href=\"https:\/\/camping-stieglitz.de\/wp-content\/gallery\/stellplaetze\/haller-platz-a-reihe.jpg\"\n               title=\"\"\n               data-src=\"https:\/\/camping-stieglitz.de\/wp-content\/gallery\/stellplaetze\/haller-platz-a-reihe.jpg\"\n               data-thumbnail=\"https:\/\/camping-stieglitz.de\/wp-content\/gallery\/stellplaetze\/thumbs\/thumbs_haller-platz-a-reihe.jpg\"\n               data-image-id=\"243\"\n               data-title=\"haller-platz-a-reihe\"\n               data-description=\"\"\n               data-image-slug=\"haller-platz-a-reihe\"\n               class='thickbox' rel='df8a4c72fe1b776105834805411f3cf0'>\n                <img\n                    title=\"haller-platz-a-reihe\"\n                    alt=\"haller-platz-a-reihe\"\n                    src=\"https:\/\/camping-stieglitz.de\/wp-content\/gallery\/stellplaetze\/thumbs\/thumbs_haller-platz-a-reihe.jpg\"\n                    width=\"100\"\n                    height=\"75\"\n                    style=\"max-width:100%;\"\n                \/>\n            <\/a>\n        <\/div>\n\t\t\t\t\t\t\t<\/div> \n\t\t\t\n        \n\t\t\t\t<div id=\"ngg-image-8\" class=\"ngg-gallery-thumbnail-box\" >\n\t\t\t\t        <div class=\"ngg-gallery-thumbnail\">\n            <a href=\"https:\/\/camping-stieglitz.de\/wp-content\/gallery\/stellplaetze\/mitten-drin-gothaer-platz.jpg\"\n               title=\"\"\n               data-src=\"https:\/\/camping-stieglitz.de\/wp-content\/gallery\/stellplaetze\/mitten-drin-gothaer-platz.jpg\"\n               data-thumbnail=\"https:\/\/camping-stieglitz.de\/wp-content\/gallery\/stellplaetze\/thumbs\/thumbs_mitten-drin-gothaer-platz.jpg\"\n               data-image-id=\"244\"\n               data-title=\"mitten-drin-gothaer-platz\"\n               data-description=\"\"\n               data-image-slug=\"mitten-drin-gothaer-platz\"\n               class='thickbox' rel='df8a4c72fe1b776105834805411f3cf0'>\n                <img\n                    title=\"mitten-drin-gothaer-platz\"\n                    alt=\"mitten-drin-gothaer-platz\"\n                    src=\"https:\/\/camping-stieglitz.de\/wp-content\/gallery\/stellplaetze\/thumbs\/thumbs_mitten-drin-gothaer-platz.jpg\"\n                    width=\"100\"\n                    height=\"75\"\n                    style=\"max-width:100%;\"\n                \/>\n            <\/a>\n        <\/div>\n\t\t\t\t\t\t\t<\/div> \n\t\t\t\n        \n\t\t\t\t<div id=\"ngg-image-9\" class=\"ngg-gallery-thumbnail-box\" >\n\t\t\t\t        <div class=\"ngg-gallery-thumbnail\">\n            <a href=\"https:\/\/camping-stieglitz.de\/wp-content\/gallery\/stellplaetze\/mitten-im-grunen-direkt-am-meer.jpg\"\n               title=\"\"\n               data-src=\"https:\/\/camping-stieglitz.de\/wp-content\/gallery\/stellplaetze\/mitten-im-grunen-direkt-am-meer.jpg\"\n               data-thumbnail=\"https:\/\/camping-stieglitz.de\/wp-content\/gallery\/stellplaetze\/thumbs\/thumbs_mitten-im-grunen-direkt-am-meer.jpg\"\n               data-image-id=\"245\"\n               data-title=\"mitten-im-grunen-direkt-am-meer\"\n               data-description=\"\"\n               data-image-slug=\"mitten-im-grunen-direkt-am-meer\"\n               class='thickbox' rel='df8a4c72fe1b776105834805411f3cf0'>\n                <img\n                    title=\"mitten-im-grunen-direkt-am-meer\"\n                    alt=\"mitten-im-grunen-direkt-am-meer\"\n                    src=\"https:\/\/camping-stieglitz.de\/wp-content\/gallery\/stellplaetze\/thumbs\/thumbs_mitten-im-grunen-direkt-am-meer.jpg\"\n                    width=\"100\"\n                    height=\"75\"\n                    style=\"max-width:100%;\"\n                \/>\n            <\/a>\n        <\/div>\n\t\t\t\t\t\t\t<\/div> \n\t\t\t\n        \n\t\t\t\t<div id=\"ngg-image-10\" class=\"ngg-gallery-thumbnail-box\" >\n\t\t\t\t        <div class=\"ngg-gallery-thumbnail\">\n            <a href=\"https:\/\/camping-stieglitz.de\/wp-content\/gallery\/stellplaetze\/mitten-in-der-natur-direkt-am-meer.jpg\"\n               title=\"\"\n               data-src=\"https:\/\/camping-stieglitz.de\/wp-content\/gallery\/stellplaetze\/mitten-in-der-natur-direkt-am-meer.jpg\"\n               data-thumbnail=\"https:\/\/camping-stieglitz.de\/wp-content\/gallery\/stellplaetze\/thumbs\/thumbs_mitten-in-der-natur-direkt-am-meer.jpg\"\n               data-image-id=\"246\"\n               data-title=\"mitten-in-der-natur-direkt-am-meer\"\n               data-description=\"\"\n               data-image-slug=\"mitten-in-der-natur-direkt-am-meer\"\n               class='thickbox' rel='df8a4c72fe1b776105834805411f3cf0'>\n                <img\n                    title=\"mitten-in-der-natur-direkt-am-meer\"\n                    alt=\"mitten-in-der-natur-direkt-am-meer\"\n                    src=\"https:\/\/camping-stieglitz.de\/wp-content\/gallery\/stellplaetze\/thumbs\/thumbs_mitten-in-der-natur-direkt-am-meer.jpg\"\n                    width=\"100\"\n                    height=\"75\"\n                    style=\"max-width:100%;\"\n                \/>\n            <\/a>\n        <\/div>\n\t\t\t\t\t\t\t<\/div> \n\t\t\t\n        \n\t\t\t\t<div id=\"ngg-image-11\" class=\"ngg-gallery-thumbnail-box\" >\n\t\t\t\t        <div class=\"ngg-gallery-thumbnail\">\n            <a href=\"https:\/\/camping-stieglitz.de\/wp-content\/gallery\/stellplaetze\/mitten-in-der-natur-mit-dem-reisemobil.jpg\"\n               title=\"\"\n               data-src=\"https:\/\/camping-stieglitz.de\/wp-content\/gallery\/stellplaetze\/mitten-in-der-natur-mit-dem-reisemobil.jpg\"\n               data-thumbnail=\"https:\/\/camping-stieglitz.de\/wp-content\/gallery\/stellplaetze\/thumbs\/thumbs_mitten-in-der-natur-mit-dem-reisemobil.jpg\"\n               data-image-id=\"247\"\n               data-title=\"mitten-in-der-natur-mit-dem-reisemobil\"\n               data-description=\"\"\n               data-image-slug=\"mitten-in-der-natur-mit-dem-reisemobil\"\n               class='thickbox' rel='df8a4c72fe1b776105834805411f3cf0'>\n                <img\n                    title=\"mitten-in-der-natur-mit-dem-reisemobil\"\n                    alt=\"mitten-in-der-natur-mit-dem-reisemobil\"\n                    src=\"https:\/\/camping-stieglitz.de\/wp-content\/gallery\/stellplaetze\/thumbs\/thumbs_mitten-in-der-natur-mit-dem-reisemobil.jpg\"\n                    width=\"100\"\n                    height=\"75\"\n                    style=\"max-width:100%;\"\n                \/>\n            <\/a>\n        <\/div>\n\t\t\t\t\t\t\t<\/div> \n\t\t\t\n        \n\t\t\t\t<div id=\"ngg-image-12\" class=\"ngg-gallery-thumbnail-box\" >\n\t\t\t\t        <div class=\"ngg-gallery-thumbnail\">\n            <a href=\"https:\/\/camping-stieglitz.de\/wp-content\/gallery\/stellplaetze\/gothaer-l-1.jpg\"\n               title=\"\"\n               data-src=\"https:\/\/camping-stieglitz.de\/wp-content\/gallery\/stellplaetze\/gothaer-l-1.jpg\"\n               data-thumbnail=\"https:\/\/camping-stieglitz.de\/wp-content\/gallery\/stellplaetze\/thumbs\/thumbs_gothaer-l-1.jpg\"\n               data-image-id=\"248\"\n               data-title=\"gothaer-l-1\"\n               data-description=\"\"\n               data-image-slug=\"gothaer-l-1\"\n               class='thickbox' rel='df8a4c72fe1b776105834805411f3cf0'>\n                <img\n                    title=\"gothaer-l-1\"\n                    alt=\"gothaer-l-1\"\n                    src=\"https:\/\/camping-stieglitz.de\/wp-content\/gallery\/stellplaetze\/thumbs\/thumbs_gothaer-l-1.jpg\"\n                    width=\"100\"\n                    height=\"75\"\n                    style=\"max-width:100%;\"\n                \/>\n            <\/a>\n        <\/div>\n\t\t\t\t\t\t\t<\/div> \n\t\t\t\n        \n\t\t\t\t<div id=\"ngg-image-13\" class=\"ngg-gallery-thumbnail-box\" >\n\t\t\t\t        <div class=\"ngg-gallery-thumbnail\">\n            <a href=\"https:\/\/camping-stieglitz.de\/wp-content\/gallery\/stellplaetze\/haller-b-1.jpg\"\n               title=\"\"\n               data-src=\"https:\/\/camping-stieglitz.de\/wp-content\/gallery\/stellplaetze\/haller-b-1.jpg\"\n               data-thumbnail=\"https:\/\/camping-stieglitz.de\/wp-content\/gallery\/stellplaetze\/thumbs\/thumbs_haller-b-1.jpg\"\n               data-image-id=\"249\"\n               data-title=\"haller-b-1\"\n               data-description=\"\"\n               data-image-slug=\"haller-b-1\"\n               class='thickbox' rel='df8a4c72fe1b776105834805411f3cf0'>\n                <img\n                    title=\"haller-b-1\"\n                    alt=\"haller-b-1\"\n                    src=\"https:\/\/camping-stieglitz.de\/wp-content\/gallery\/stellplaetze\/thumbs\/thumbs_haller-b-1.jpg\"\n                    width=\"100\"\n                    height=\"75\"\n                    style=\"max-width:100%;\"\n                \/>\n            <\/a>\n        <\/div>\n\t\t\t\t\t\t\t<\/div> \n\t\t\t\n        \n\t\t\t\t<div id=\"ngg-image-14\" class=\"ngg-gallery-thumbnail-box\" >\n\t\t\t\t        <div class=\"ngg-gallery-thumbnail\">\n            <a href=\"https:\/\/camping-stieglitz.de\/wp-content\/gallery\/stellplaetze\/strase-gothaer.jpg\"\n               title=\"\"\n               data-src=\"https:\/\/camping-stieglitz.de\/wp-content\/gallery\/stellplaetze\/strase-gothaer.jpg\"\n               data-thumbnail=\"https:\/\/camping-stieglitz.de\/wp-content\/gallery\/stellplaetze\/thumbs\/thumbs_strase-gothaer.jpg\"\n               data-image-id=\"250\"\n               data-title=\"strase-gothaer\"\n               data-description=\"\"\n               data-image-slug=\"strase-gothaer\"\n               class='thickbox' rel='df8a4c72fe1b776105834805411f3cf0'>\n                <img\n                    title=\"strase-gothaer\"\n                    alt=\"strase-gothaer\"\n                    src=\"https:\/\/camping-stieglitz.de\/wp-content\/gallery\/stellplaetze\/thumbs\/thumbs_strase-gothaer.jpg\"\n                    width=\"100\"\n                    height=\"75\"\n                    style=\"max-width:100%;\"\n                \/>\n            <\/a>\n        <\/div>\n\t\t\t\t\t\t\t<\/div> \n\t\t\t\n        \n\t\t\t\t<div id=\"ngg-image-15\" class=\"ngg-gallery-thumbnail-box\" >\n\t\t\t\t        <div class=\"ngg-gallery-thumbnail\">\n            <a href=\"https:\/\/camping-stieglitz.de\/wp-content\/gallery\/stellplaetze\/Privatsanitaer-Collage.jpeg\"\n               title=\"\"\n               data-src=\"https:\/\/camping-stieglitz.de\/wp-content\/gallery\/stellplaetze\/Privatsanitaer-Collage.jpeg\"\n               data-thumbnail=\"https:\/\/camping-stieglitz.de\/wp-content\/gallery\/stellplaetze\/thumbs\/thumbs_Privatsanitaer-Collage.jpeg\"\n               data-image-id=\"314\"\n               data-title=\"Privatsanitaer-Collage\"\n               data-description=\"\"\n               data-image-slug=\"privatsanitaer-collage\"\n               class='thickbox' rel='df8a4c72fe1b776105834805411f3cf0'>\n                <img\n                    title=\"Privatsanitaer-Collage\"\n                    alt=\"Privatsanitaer-Collage\"\n                    src=\"https:\/\/camping-stieglitz.de\/wp-content\/gallery\/stellplaetze\/thumbs\/thumbs_Privatsanitaer-Collage.jpeg\"\n                    width=\"75\"\n                    height=\"75\"\n                    style=\"max-width:100%;\"\n                \/>\n            <\/a>\n        <\/div>\n\t\t\t\t\t\t\t<\/div> \n\t\t\t\n        \n\t\t\n\t\t<!-- Pagination -->\n\t<div class='ngg-clear'><\/div>\t<\/div>\n\n<p>&nbsp;<\/p>\n","protected":false},"excerpt":{"rendered":"<p>Ihr Platz an der Ostsee! Der Camping Stieglitz bietet Ihnen ein St\u00fcck Rasen und Natur vor der eigenen Ferienhaust\u00fcr. Gro\u00dfz\u00fcgige Stellpl\u00e4tze in drei verschiedenen Kategorien, je nach Komfort mit Wiese, Stromanschluss mit 16 Amp. und einem Wasser- und Abwasseranschluss an. Wir verf\u00fcgen je nach Wetterlage und Baumbestand \u00fcber ein fl\u00e4chendeckendes WLAN welches f\u00fcr Emails und [&hellip;]<\/p>\n","protected":false},"author":2,"featured_media":1945,"parent":9,"menu_order":10,"comment_status":"closed","ping_status":"closed","template":"","meta":{"ngg_post_thumbnail":0},"_links":{"self":[{"href":"https:\/\/camping-stieglitz.de\/index.php?rest_route=\/wp\/v2\/pages\/73"}],"collection":[{"href":"https:\/\/camping-stieglitz.de\/index.php?rest_route=\/wp\/v2\/pages"}],"about":[{"href":"https:\/\/camping-stieglitz.de\/index.php?rest_route=\/wp\/v2\/types\/page"}],"author":[{"embeddable":true,"href":"https:\/\/camping-stieglitz.de\/index.php?rest_route=\/wp\/v2\/users\/2"}],"replies":[{"embeddable":true,"href":"https:\/\/camping-stieglitz.de\/index.php?rest_route=%2Fwp%2Fv2%2Fcomments&post=73"}],"version-history":[{"count":69,"href":"https:\/\/camping-stieglitz.de\/index.php?rest_route=\/wp\/v2\/pages\/73\/revisions"}],"predecessor-version":[{"id":2470,"href":"https:\/\/camping-stieglitz.de\/index.php?rest_route=\/wp\/v2\/pages\/73\/revisions\/2470"}],"up":[{"embeddable":true,"href":"https:\/\/camping-stieglitz.de\/index.php?rest_route=\/wp\/v2\/pages\/9"}],"wp:featuredmedia":[{"embeddable":true,"href":"https:\/\/camping-stieglitz.de\/index.php?rest_route=\/wp\/v2\/media\/1945"}],"wp:attachment":[{"href":"https:\/\/camping-stieglitz.de\/index.php?rest_route=%2Fwp%2Fv2%2Fmedia&parent=73"}],"curies":[{"name":"wp","href":"https:\/\/api.w.org\/{rel}","templated":true}]}}