{"id":1878,"date":"2023-01-06T12:21:05","date_gmt":"2023-01-06T11:21:05","guid":{"rendered":"https:\/\/camping-stieglitz.de\/?page_id=1878"},"modified":"2026-03-16T12:02:51","modified_gmt":"2026-03-16T11:02:51","slug":"preislisten-mobilheime-2023","status":"publish","type":"page","link":"https:\/\/camping-stieglitz.de\/?page_id=1878","title":{"rendered":"Preislisten Miet-Mobilheime 2026"},"content":{"rendered":"\n\n<table id=\"tablepress-9\" class=\"tablepress tablepress-id-9\">\n<thead>\n<tr class=\"row-1 odd\">\n\t<th class=\"column-1\">Mobilheime ***<\/th><th class=\"column-2\">Grundriss<\/th><th class=\"column-3\">Vor\/Nachsaison<br \/>\n01.04.-14.05.<br \/>\n14.09.-31.10.<\/th><th class=\"column-4\">Nebensaison<br \/>\n14.05.-21.05.<br \/>\n25.05.-03.07.<br \/>\n30.08.-14.09.<\/th><th class=\"column-5\">Hauptsaison<br \/>\n21.05.-25.05.<br \/>\n03.07.-30.08.<\/th>\n<\/tr>\n<\/thead>\n<tbody class=\"row-hover\">\n<tr class=\"row-2 even\">\n\t<td class=\"column-1\">Corsaire<br \/>\nFreiberger Platz A11\/159<br \/>\n25 qm - 2 Personen<br \/>\nBett 140 x 190 <\/td><td class=\"column-2\"><a href=\"http:\/\/camping-stieglitz.de\/wp-content\/uploads\/2023\/01\/Corsiare_Grundriss.pdf\">Corsiare_Grundriss<\/a><\/td><td class=\"column-3\">59,00 \u20ac<\/td><td class=\"column-4\">79,00 \u20ac<\/td><td class=\"column-5\">99,00 \u20ac<\/td>\n<\/tr>\n<tr class=\"row-3 odd\">\n\t<td class=\"column-1\">De Clik<br \/>\nGothaer Platz W11<br \/>\n32 qm - 4 Personen<br \/>\nBett 160 x 200<br \/>\n2 Betten 80 x 190<\/td><td class=\"column-2\"><a href=\"http:\/\/camping-stieglitz.de\/wp-content\/uploads\/2023\/01\/De_Clik_GR.pdf\">De_Clik_GR<\/a><\/td><td class=\"column-3\">69,00 \u20ac<\/td><td class=\"column-4\">89,00 \u20ac<\/td><td class=\"column-5\">99,00 \u20ac<\/td>\n<\/tr>\n<tr class=\"row-4 even\">\n\t<td class=\"column-1\">Pacifique<br \/>\nFreiberger Platz 161<br \/>\n25 qm plus 10 qm Terasse<br \/>\n4 Personen<br \/>\nBett 140 x 190<br \/>\n2 Betten 80 x 190<\/td><td class=\"column-2\"><a href=\"http:\/\/camping-stieglitz.de\/wp-content\/uploads\/2023\/01\/Grundriss-Pacifique.pdf\">Grundriss Pacifique<\/a><\/td><td class=\"column-3\">79,00 \u20ac<\/td><td class=\"column-4\">99,00 \u20ac<\/td><td class=\"column-5\">109,00 \u20ac<\/td>\n<\/tr>\n<tr class=\"row-5 odd\">\n\t<td class=\"column-1\">Batavier-Bat 62-64<br \/>\nFreiberger Platz 162-164<br \/>\n30qm - 4 Personen<br \/>\nBett 140 x 190<br \/>\n2 Betten  80 x 190<br \/>\nBAT 62 und 63 mit Hund<br \/>\n<\/td><td class=\"column-2\"><a href=\"http:\/\/camping-stieglitz.de\/wp-content\/uploads\/2023\/01\/Batavier_GR.pdf\">Batavier_GR<\/a><\/td><td class=\"column-3\">69,00 \u20ac<\/td><td class=\"column-4\">89,00 \u20ac<\/td><td class=\"column-5\">99,00\u20ac<\/td>\n<\/tr>\n<tr class=\"row-6 even\">\n\t<td class=\"column-1\">OC\u00c9ANE <br \/>\nFreiberger Platz 166<br \/>\n30qm \u2013 4 Personen<br \/>\nBett: 140 x 190<br \/>\n2Betten 80 x 190<br \/>\n<\/td><td class=\"column-2\"><a href=\"http:\/\/camping-stieglitz.de\/wp-content\/uploads\/2023\/01\/Oceane-Grundriss.pdf\">Oceane Grundriss<\/a><\/td><td class=\"column-3\">79,00 \u20ac<\/td><td class=\"column-4\">99,00 \u20ac<\/td><td class=\"column-5\">109,00 \u20ac<\/td>\n<\/tr>\n<\/tbody>\n<\/table>\n<!-- #tablepress-9 from cache -->\n\n\n\n<table id=\"tablepress-11\" class=\"tablepress tablepress-id-11\">\n<thead>\n<tr class=\"row-1 odd\">\n\t<th class=\"column-1\">Mobilheime ****<\/th><th class=\"column-2\">Grundriss<\/th><th class=\"column-3\">Vor\/Nachsaison<br \/>\n01.04.-14.05.<br \/>\n14.09.-31.10.<br \/>\n<\/th><th class=\"column-4\">Nebensaison<br \/>\n14.05.-21.05.<br \/>\n25.05.-03.07.<br \/>\n30.08.-14.09.<\/th><th class=\"column-5\">Hauptsaison<br \/>\n21.05.-25.05.<br \/>\n03.07.-30.08.<br \/>\n<\/th>\n<\/tr>\n<\/thead>\n<tbody class=\"row-hover\">\n<tr class=\"row-2 even\">\n\t<td class=\"column-1\"><strong>Maldives<\/strong><br \/>\nFreiberger Platz 160 und Freiberger Platz 165<br \/>\n32 qm - 4 Personen<br \/>\nBett 140x190<br \/>\n2 Betten 80 x 190<\/td><td class=\"column-2\"><a href=\"http:\/\/camping-stieglitz.de\/wp-content\/uploads\/2023\/01\/Maldives-Grundriss.pdf\">Maldives Grundriss<\/a><\/td><td class=\"column-3\">79,00 \u20ac<\/td><td class=\"column-4\">89,00 \u20ac<\/td><td class=\"column-5\">109,00 \u20ac<br \/>\n<\/td>\n<\/tr>\n<tr class=\"row-3 odd\">\n\t<td class=\"column-1\"><strong>Grand Large<\/strong><br \/>\nFreiberger Platz 150<br \/>\n30 qm - 4 Personen<br \/>\nBett 140 x 190<br \/>\n2 Betten 80 x 190<\/td><td class=\"column-2\"><a href=\"http:\/\/camping-stieglitz.de\/wp-content\/uploads\/2023\/01\/Grand-Large-Grundriss.pdf\">Grand Large Grundriss<\/a><\/td><td class=\"column-3\">89,00 \u20ac<\/td><td class=\"column-4\">109,00 \u20ac<\/td><td class=\"column-5\">129,00 \u20ac<\/td>\n<\/tr>\n<tr class=\"row-4 even\">\n\t<td class=\"column-1\"><strong>Sumba<\/strong><br \/>\nFreiberger Platz B11<br \/>\n30 qm - 4 Personen<br \/>\nBett 140 x 190<br \/>\n2 Betten 80 x 190<\/td><td class=\"column-2\"><a href=\"http:\/\/camping-stieglitz.de\/wp-content\/uploads\/2023\/01\/Sumba-Grundriss.pdf\">Sumba Grundriss<\/a><\/td><td class=\"column-3\">89,00 \u20ac<\/td><td class=\"column-4\">109,00 \u20ac<\/td><td class=\"column-5\">129,00 \u20ac<\/td>\n<\/tr>\n<tr class=\"row-5 odd\">\n\t<td class=\"column-1\"><strong>Tamaris<\/strong><br \/>\nFreiberger Platz 160a<br \/>\n32 qm - 6 Personen<br \/>\nBett 140 x 190<br \/>\n4 Betten 80 x 190<br \/>\n<\/td><td class=\"column-2\"><a href=\"http:\/\/camping-stieglitz.de\/wp-content\/uploads\/2023\/01\/Tamaris-Grundriss.pdf\">Tamaris Grundriss<\/a><\/td><td class=\"column-3\">99,00 \u20ac<\/td><td class=\"column-4\">129,00 \u20ac<\/td><td class=\"column-5\">149,00 \u20ac<\/td>\n<\/tr>\n<\/tbody>\n<\/table>\n<!-- #tablepress-11 from cache -->\n\n\n\n<table id=\"tablepress-10\" class=\"tablepress tablepress-id-10\">\n<thead>\n<tr class=\"row-1 odd\">\n\t<th class=\"column-1\">Mobilheime *****<\/th><th class=\"column-2\">Grundriss<\/th><th class=\"column-3\">Vor\/Nachsaison<br \/>\n01.04.-14.05.<br \/>\n14.09.-31.10.<br \/>\n<\/th><th class=\"column-4\">Nebensaison<br \/>\n14.05.-21.05.<br \/>\n25.05.-03.07.<br \/>\n30.08.-14.09.<\/th><th class=\"column-5\">Hauptsaison<br \/>\n21.005.-25.05.<br \/>\n03.07.-30.08.<\/th>\n<\/tr>\n<\/thead>\n<tbody class=\"row-hover\">\n<tr class=\"row-2 even\">\n\t<td class=\"column-1\"><strong>Taos 130<\/strong><br \/>\n40 qm - 4 Personen<br \/>\nBett 160 x 200 &amp; 2 Betten 80 x 190 mit Hund<\/td><td class=\"column-2\"><\/td><td class=\"column-3\">99,00 \u20ac<\/td><td class=\"column-4\">129,00 \u20ac<\/td><td class=\"column-5\">149,00 \u20ac<\/td>\n<\/tr>\n<tr class=\"row-3 odd\">\n\t<td class=\"column-1\"><strong>Taos 4 - F-102<\/strong><br \/>\nFreiberger Platz 102<br \/>\n35 qm - 4 Personen<br \/>\nBett 160 x 200<br \/>\n2 Betten 80 x 190<\/td><td class=\"column-2\"><a href=\"http:\/\/camping-stieglitz.de\/wp-content\/uploads\/2023\/01\/Taos-4-F-101-Grundriss.pdf\">Taos 4 - F 101 - Grundriss<\/a><\/td><td class=\"column-3\">99,00 \u20ac<\/td><td class=\"column-4\">129,00 \u20ac<\/td><td class=\"column-5\">149,00 \u20ac<\/td>\n<\/tr>\n<tr class=\"row-4 even\">\n\t<td class=\"column-1\"><strong>Taos 5 - F-101<\/strong><br \/>\nFreiberger Platz 101<br \/>\n40 qm - 4 Personen<br \/>\nBett 160 x 200<br \/>\n2 Betten 80 x 190<br \/>\nsowie ein Ausziehbett<\/td><td class=\"column-2\"><a href=\"http:\/\/camping-stieglitz.de\/wp-content\/uploads\/2023\/01\/Taos-5-F101.pdf\">Taos 5 - F101<\/a><\/td><td class=\"column-3\">99,00 \u20ac<\/td><td class=\"column-4\">129,00 \u20ac<\/td><td class=\"column-5\">149,00 \u20ac<\/td>\n<\/tr>\n<tr class=\"row-5 odd\">\n\t<td class=\"column-1\"><strong>Taos 6  F-108<\/strong><br \/>\nFreiberger Platz 108<br \/>\n40 qm - 6 Personen<br \/>\nBett 160 x 200<br \/>\n2 Betten 80 x 190<br \/>\n2 Betten 80 x 190<\/td><td class=\"column-2\"><a href=\"http:\/\/camping-stieglitz.de\/wp-content\/uploads\/2023\/01\/Taos_108_GR.pdf\">Taos_108_Grundriss<\/a><\/td><td class=\"column-3\">99,00 \u20ac<\/td><td class=\"column-4\">139,00 \u20ac<\/td><td class=\"column-5\">169,00 \u20ac<\/td>\n<\/tr>\n<\/tbody>\n<\/table>\n<!-- #tablepress-10 from cache -->\n\n\n\n<table id=\"tablepress-12\" class=\"tablepress tablepress-id-12\">\n<thead>\n<tr class=\"row-1 odd\">\n\t<th class=\"column-1\">Mietwohnwagen<\/th><th class=\"column-2\">Grundriss<\/th><th class=\"column-3\">Vor\/Nachsaison<br \/>\n04.04-28.05.<br \/>\n14.09.-05.10.<\/th><th class=\"column-4\">Nebensaison<br \/>\n28.05.-05.06.<br \/>\n09.06.-15.06.<br \/>\n24.08.-14.09.<\/th><th class=\"column-5\">Hauptsaison<br \/>\n05.06.-09.06.<br \/>\n15.06.-24.08.<\/th>\n<\/tr>\n<\/thead>\n<tbody class=\"row-hover\">\n<tr class=\"row-2 even\">\n\t<td class=\"column-1\"><strong>Mietwohnwagen<\/strong> <br \/>\nFreiberger Platz 100<br \/>\n6,60 m lang<br \/>\n2 Personen mit Dusche und Toilette,<br \/>\nausgebautes Vorzelt mit K\u00fcche<\/td><td class=\"column-2\"><a href=\"http:\/\/camping-stieglitz.de\/wp-content\/uploads\/2023\/01\/Mietwohnwagen-F100-Grundriss.pdf\">Mietwohnwagen F100 - Grundriss<\/a><\/td><td class=\"column-3\">69,00 \u20ac<\/td><td class=\"column-4\">89,00 \u20ac<\/td><td class=\"column-5\">109,00 \u20ac<\/td>\n<\/tr>\n<tr class=\"row-3 odd\">\n\t<td class=\"column-1\"><strong>Mietwohnwagen f\u00fcr die Familie<\/strong><br \/>\nGothaer Platz S 4 - 6<br \/>\n2 Erw. + 2 Kinder<br \/>\nHobby 560 mit Vorzelt,<br \/>\nfeste Toilette<\/td><td class=\"column-2\"><a href=\"http:\/\/camping-stieglitz.de\/wp-content\/uploads\/2023\/01\/Wohnwagen-Familie-Grundriss.pdf\">Wohnwagen Familie Grundriss<\/a><\/td><td class=\"column-3\">59,00 \u20ac<\/td><td class=\"column-4\">69,00 \u20ac<\/td><td class=\"column-5\">89,00 \u20ac<\/td>\n<\/tr>\n<\/tbody>\n<\/table>\n<!-- #tablepress-12 from cache -->\n\n\n\n<div class='et-box et-shadow'>\n\t\t\t\t\t<div class='et-box-content'>Endreinigung und Desinfektion: 55,00 \u20ac. Bettw\u00e4sche: 15,00 \u20ac pro Person. Handt\u00fccher: 10,00 \u20ac pro Person, Hund 5,00\/6,00 \u20ac.<\/div><\/div>\n\n\n\n<div class='et-box et-shadow'>\n\t\t\t\t\t<div class='et-box-content'>Bitte denken sie daran, dass Sie die Ostseecard direkt \u00fcber die Wlcmpass-app buchen m\u00fcssen. N\u00e4here Informationen finden Sie auf der <a rel=\"noreferrer noopener\" href=\"https:\/\/www.dahme.com\/service\/tourismus-service\/#c338\" data-type=\"URL\" data-id=\"https:\/\/www.dahme.com\/service\/tourismus-service\/#c338\" target=\"_blank\">Website von Dahme<\/a><\/div><\/div>\n\n\n\n<div class='et-box et-shadow'>\n\t\t\t\t\t<div class='et-box-content'>Gerne sind wir Ihnen bei der Auswahl behilflich. Ein pers\u00f6nliches Angebot senden wir Ihnen nach Ihren W\u00fcnschen zu, schreiben Sie uns eine Nachricht an <a rel=\"noreferrer noopener\" href=\"mailto:kontakt@camping-stieglitz.de\" target=\"_blank\">kontakt@camping-stieglitz.de<\/a> oder rufen an unter Telefon <a href=\"tel:+4943641435\">+49 4364 471440<\/a><\/div><\/div>\n\n\n\n<p><\/p>\n\n\n<div class='et-box et-shadow'>\n\t\t\t\t\t<div class='et-box-content'>Hier finden Sie unsere <a title=\"Reservierungsbedingungen Stieglitz\" href=\"http:\/\/camping-stieglitz.de\/wp-content\/uploads\/2023\/12\/Reservierungsbedingungen-2024-Mails-Website.pdf\" target=\"_blank\" rel=\"noopener\">Reservierungsbedingungen<\/a> als .pdf<\/div><\/div>\n\n\n<div class='et-box et-shadow'>\n\t\t\t\t\t<div class='et-box-content'>Hier finden Sie unseren <a href=\"http:\/\/camping-stieglitz.de\/wp-content\/uploads\/2011\/01\/VS-Fly-Stieglitz.pdf\">Lageplan des Camping Stieglitz&nbsp;<\/a>als .pdf<\/div><\/div>\n\n\n<div class='et-box et-shadow'>\n\t\t\t\t\t<div class='et-box-content'>Hier finden Sie unseren&nbsp;<a href=\"http:\/\/camping-stieglitz.de\/wp-content\/uploads\/2011\/01\/543_1216817009.pdf\">Prospekt des Camping Stieglitz<\/a> als .pdf<\/div><\/div>\n","protected":false},"excerpt":{"rendered":"","protected":false},"author":2,"featured_media":0,"parent":45,"menu_order":0,"comment_status":"closed","ping_status":"closed","template":"page-full.php","meta":{"ngg_post_thumbnail":0},"_links":{"self":[{"href":"https:\/\/camping-stieglitz.de\/index.php?rest_route=\/wp\/v2\/pages\/1878"}],"collection":[{"href":"https:\/\/camping-stieglitz.de\/index.php?rest_route=\/wp\/v2\/pages"}],"about":[{"href":"https:\/\/camping-stieglitz.de\/index.php?rest_route=\/wp\/v2\/types\/page"}],"author":[{"embeddable":true,"href":"https:\/\/camping-stieglitz.de\/index.php?rest_route=\/wp\/v2\/users\/2"}],"replies":[{"embeddable":true,"href":"https:\/\/camping-stieglitz.de\/index.php?rest_route=%2Fwp%2Fv2%2Fcomments&post=1878"}],"version-history":[{"count":15,"href":"https:\/\/camping-stieglitz.de\/index.php?rest_route=\/wp\/v2\/pages\/1878\/revisions"}],"predecessor-version":[{"id":2635,"href":"https:\/\/camping-stieglitz.de\/index.php?rest_route=\/wp\/v2\/pages\/1878\/revisions\/2635"}],"up":[{"embeddable":true,"href":"https:\/\/camping-stieglitz.de\/index.php?rest_route=\/wp\/v2\/pages\/45"}],"wp:attachment":[{"href":"https:\/\/camping-stieglitz.de\/index.php?rest_route=%2Fwp%2Fv2%2Fmedia&parent=1878"}],"curies":[{"name":"wp","href":"https:\/\/api.w.org\/{rel}","templated":true}]}}