{"id":11,"date":"2011-01-12T20:48:24","date_gmt":"2011-01-12T20:48:24","guid":{"rendered":"http:\/\/camping-stieglitz.de\/"},"modified":"2026-03-31T13:19:52","modified_gmt":"2026-03-31T12:19:52","slug":"preise-angebote","status":"publish","type":"page","link":"https:\/\/camping-stieglitz.de\/?page_id=11","title":{"rendered":"Camping Preise 2026"},"content":{"rendered":"<p>Unser Camping Stieglitz hier an der Ostsee bei Dahme bietet verschiedene Gr\u00f6\u00dfen von Stellpl\u00e4tzen an. Die Natur und Ihr Erlebnis stehen bei uns im Vordergrund. Genug Platz zum Grillen und auch wenn Sie f\u00fcr Ihre Kinder oder Motorr\u00e4der ein extra St\u00fcck Wiese brauchen finden Sie dies an Ihrem Stellplatz.<\/p>\n<p><strong>\n<table id=\"tablepress-1\" class=\"tablepress tablepress-id-1\">\n<thead>\n<tr class=\"row-1 odd\">\n\t<th class=\"column-1\">Stellplatz pro \u00dcbernachtung<\/th><th class=\"column-2\">Nebensaison<br \/>\n01.04.-21.05.2026<br \/>\n25.05.-03.07.2026<br \/>\n30.08.-05.10.2026<\/th><th class=\"column-3\">Hauptsaison<br \/>\n21.05.-25.05.2026<br \/>\n03.07.-30.08.2026<\/th>\n<\/tr>\n<\/thead>\n<tbody class=\"row-hover\">\n<tr class=\"row-2 even\">\n\t<td class=\"column-1\">90m\u00b2 bis 110m\u00b2 Gothaer Platz<\/td><td class=\"column-2\">13,00 \u20ac<\/td><td class=\"column-3\">20,00 \u20ac<\/td>\n<\/tr>\n<tr class=\"row-3 odd\">\n\t<td class=\"column-1\">100m\u00b2 Freiberger Garden A-Reihe<\/td><td class=\"column-2\">15,00 \u20ac<\/td><td class=\"column-3\">22,00 \u20ac<\/td>\n<\/tr>\n<tr class=\"row-4 even\">\n\t<td class=\"column-1\">140m\u00b2 Freiberger Garden B-Reihe <br \/>\nPl\u00e4tze 1-5 und Platz 10<\/td><td class=\"column-2\">18,00 \u20ac<\/td><td class=\"column-3\">24,00 \u20ac<\/td>\n<\/tr>\n<tr class=\"row-5 odd\">\n\t<td class=\"column-1\">140m\u00b2 Freiberger Garden B-Reihe <br \/>\nPl\u00e4tze 6-9 inkl. Privatsanit\u00e4r <\/td><td class=\"column-2\">36,00 \u20ac<\/td><td class=\"column-3\">42,00 \u20ac<\/td>\n<\/tr>\n<tr class=\"row-6 even\">\n\t<td class=\"column-1\">250m\u00b2 Freiberger Platz <\/td><td class=\"column-2\">22,00 \u20ac<\/td><td class=\"column-3\">28,00 \u20ac<\/td>\n<\/tr>\n<tr class=\"row-7 odd\">\n\t<td class=\"column-1\">Strompauschale <\/td><td class=\"column-2\">4,00 \u20ac<\/td><td class=\"column-3\">4,00 \u20ac<\/td>\n<\/tr>\n<tr class=\"row-8 even\">\n\t<td class=\"column-1\">Zeltwiese<\/td><td class=\"column-2\">8,00 \u20ac<\/td><td class=\"column-3\">10,00 \u20ac<\/td>\n<\/tr>\n<tr class=\"row-9 odd\">\n\t<td class=\"column-1\">Strom f\u00fcr Zeltwiese<\/td><td class=\"column-2\">1,00 \u20ac<\/td><td class=\"column-3\">1,00 \u20ac<\/td>\n<\/tr>\n<tr class=\"row-10 even\">\n\t<td class=\"column-1\">Person ab 16 Jahre<\/td><td class=\"column-2\">6,00 \u20ac<\/td><td class=\"column-3\">9,00 \u20ac<\/td>\n<\/tr>\n<tr class=\"row-11 odd\">\n\t<td class=\"column-1\">Kinder von 2 bis 16 Jahre<\/td><td class=\"column-2\">3,00 \u20ac<\/td><td class=\"column-3\">4,00 \u20ac<\/td>\n<\/tr>\n<tr class=\"row-12 even\">\n\t<td class=\"column-1\">Duschen<\/td><td class=\"column-2\">inkl.<\/td><td class=\"column-3\">inkl.<\/td>\n<\/tr>\n<tr class=\"row-13 odd\">\n\t<td class=\"column-1\">Hunde<\/td><td class=\"column-2\">5,00 \u20ac<\/td><td class=\"column-3\">6,00 \u20ac<\/td>\n<\/tr>\n<tr class=\"row-14 even\">\n\t<td class=\"column-1\">zus\u00e4tzliches Zelt<\/td><td class=\"column-2\">2,50 \u20ac<\/td><td class=\"column-3\">3,50 \u20ac<\/td>\n<\/tr>\n<tr class=\"row-15 odd\">\n\t<td class=\"column-1\">Besucherparkplatz pro Tag<\/td><td class=\"column-2\">3,00 \u20ac<\/td><td class=\"column-3\">5,00 \u20ac<\/td>\n<\/tr>\n<tr class=\"row-16 even\">\n\t<td class=\"column-1\"><\/td><td class=\"column-2\"><\/td><td class=\"column-3\"><\/td>\n<\/tr>\n<tr class=\"row-17 odd\">\n\t<td class=\"column-1\">Kurtaxe \u201eOstsee Card\u201c*<\/td><td class=\"column-2\">3,50 \u20ac<\/td><td class=\"column-3\">3,50 \u20ac<\/td>\n<\/tr>\n<tr class=\"row-18 even\">\n\t<td class=\"column-1\">*Kurabgabezeiten beziehen sich auf die aktuelle Fassung der Kurabgabensatzung der Gemeinde Dahme<\/td><td class=\"column-2\">01.04.-05.10.2026<\/td><td class=\"column-3\">01.04.-05.10.2026<\/td>\n<\/tr>\n<\/tbody>\n<\/table>\n<!-- #tablepress-1 from cache --><\/strong><\/p>\n<div class='et-box et-shadow'>\n\t\t\t\t\t<div class='et-box-content'>Gerne sind wir Ihnen bei der Stellplatzauswahl behilflich. Ein pers\u00f6nliches Angebot senden wir Ihnen nach Ihren W\u00fcnschen zu, schreiben Sie uns eine Nachricht an<a href=\"mailto:kontakt@camping-stieglitz.de\"> kontakt@camping-stieglitz.de<\/a>.<\/p>\n<p>Spezielle Angebote finden Sie bei uns unter den <a href=\"http:\/\/camping-stieglitz.de\/wir-uber-den-campingplatz\/angebote\/\">Camping Angeboten<\/a>! In der Vor und Nachsaison bieten wir Ihnen unverbindliche Reservierungen an und wenn m\u00f6glich auch eine sp\u00e4te Abreise. Wir freuen uns auf Ihren Besuch!<\/p>\n<p>Telefon <a href=\"tel:+4943641435\">+49 4364 <\/a>471440<\/div><\/div>\n<div class='et-box et-shadow'>\n\t\t\t\t\t<div class='et-box-content'>Hier finden Sie unsere <a href=\"http:\/\/camping-stieglitz.de\/wp-content\/uploads\/2023\/12\/Reservierungsbedingungen-2024-Mails-Website.pdf\" target=\"_blank\" rel=\"noopener\">Reservierungsbedingungen<\/a> als .pdf<\/div><\/div>\n<div class='et-box et-shadow'>\n\t\t\t\t\t<div class='et-box-content'>Hier finden Sie unseren <a href=\"http:\/\/camping-stieglitz.de\/wp-content\/uploads\/2011\/01\/VS-Fly-Stieglitz.pdf\">Lageplan des Camping Stieglitz&nbsp;<\/a>als .pdf<\/div><\/div>\n<div class='et-box et-shadow'>\n\t\t\t\t\t<div class='et-box-content'>Hier finden Sie unseren&nbsp;<a href=\"http:\/\/camping-stieglitz.de\/wp-content\/uploads\/2011\/01\/543_1216817009.pdf\">Prospekt des Camping Stieglitz<\/a> als .pdf<\/div><\/div>\n<p>&nbsp;<\/p>\n\n\n<p><\/p>\n","protected":false},"excerpt":{"rendered":"<p>Unser Camping Stieglitz hier an der Ostsee bei Dahme bietet verschiedene Gr\u00f6\u00dfen von Stellpl\u00e4tzen an. Die Natur und Ihr Erlebnis stehen bei uns im Vordergrund. Genug Platz zum Grillen und auch wenn Sie f\u00fcr Ihre Kinder oder Motorr\u00e4der ein extra St\u00fcck Wiese brauchen finden Sie dies an Ihrem Stellplatz. &nbsp;<\/p>\n","protected":false},"author":2,"featured_media":0,"parent":9,"menu_order":20,"comment_status":"closed","ping_status":"closed","template":"page-full.php","meta":{"ngg_post_thumbnail":0},"_links":{"self":[{"href":"https:\/\/camping-stieglitz.de\/index.php?rest_route=\/wp\/v2\/pages\/11"}],"collection":[{"href":"https:\/\/camping-stieglitz.de\/index.php?rest_route=\/wp\/v2\/pages"}],"about":[{"href":"https:\/\/camping-stieglitz.de\/index.php?rest_route=\/wp\/v2\/types\/page"}],"author":[{"embeddable":true,"href":"https:\/\/camping-stieglitz.de\/index.php?rest_route=\/wp\/v2\/users\/2"}],"replies":[{"embeddable":true,"href":"https:\/\/camping-stieglitz.de\/index.php?rest_route=%2Fwp%2Fv2%2Fcomments&post=11"}],"version-history":[{"count":71,"href":"https:\/\/camping-stieglitz.de\/index.php?rest_route=\/wp\/v2\/pages\/11\/revisions"}],"predecessor-version":[{"id":2669,"href":"https:\/\/camping-stieglitz.de\/index.php?rest_route=\/wp\/v2\/pages\/11\/revisions\/2669"}],"up":[{"embeddable":true,"href":"https:\/\/camping-stieglitz.de\/index.php?rest_route=\/wp\/v2\/pages\/9"}],"wp:attachment":[{"href":"https:\/\/camping-stieglitz.de\/index.php?rest_route=%2Fwp%2Fv2%2Fmedia&parent=11"}],"curies":[{"name":"wp","href":"https:\/\/api.w.org\/{rel}","templated":true}]}}

<p>Unser Camping Stieglitz hier an der Ostsee bei Dahme bietet verschiedene Größen von Stellplätzen an. Die Natur und Ihr Erlebnis stehen bei uns im Vordergrund. Genug Platz zum Grillen und auch wenn Sie für Ihre Kinder oder Motorräder ein extra Stück Wiese brauchen finden Sie dies an Ihrem Stellplatz.</p>
<p><strong>
<table id="tablepress-1" class="tablepress tablepress-id-1">
<thead>
<tr class="row-1 odd">
	<th class="column-1">Stellplatz pro Übernachtung</th><th class="column-2">Nebensaison<br />
01.04.-21.05.2026<br />
25.05.-03.07.2026<br />
30.08.-05.10.2026</th><th class="column-3">Hauptsaison<br />
21.05.-25.05.2026<br />
03.07.-30.08.2026</th>
</tr>
</thead>
<tbody class="row-hover">
<tr class="row-2 even">
	<td class="column-1">90m² bis 110m² Gothaer Platz</td><td class="column-2">13,00 €</td><td class="column-3">20,00 €</td>
</tr>
<tr class="row-3 odd">
	<td class="column-1">100m² Freiberger Garden A-Reihe</td><td class="column-2">15,00 €</td><td class="column-3">22,00 €</td>
</tr>
<tr class="row-4 even">
	<td class="column-1">140m² Freiberger Garden B-Reihe <br />
Plätze 1-5 und Platz 10</td><td class="column-2">18,00 €</td><td class="column-3">24,00 €</td>
</tr>
<tr class="row-5 odd">
	<td class="column-1">140m² Freiberger Garden B-Reihe <br />
Plätze 6-9 inkl. Privatsanitär </td><td class="column-2">36,00 €</td><td class="column-3">42,00 €</td>
</tr>
<tr class="row-6 even">
	<td class="column-1">250m² Freiberger Platz </td><td class="column-2">22,00 €</td><td class="column-3">28,00 €</td>
</tr>
<tr class="row-7 odd">
	<td class="column-1">Strompauschale </td><td class="column-2">4,00 €</td><td class="column-3">4,00 €</td>
</tr>
<tr class="row-8 even">
	<td class="column-1">Zeltwiese</td><td class="column-2">8,00 €</td><td class="column-3">10,00 €</td>
</tr>
<tr class="row-9 odd">
	<td class="column-1">Strom für Zeltwiese</td><td class="column-2">1,00 €</td><td class="column-3">1,00 €</td>
</tr>
<tr class="row-10 even">
	<td class="column-1">Person ab 16 Jahre</td><td class="column-2">6,00 €</td><td class="column-3">9,00 €</td>
</tr>
<tr class="row-11 odd">
	<td class="column-1">Kinder von 2 bis 16 Jahre</td><td class="column-2">3,00 €</td><td class="column-3">4,00 €</td>
</tr>
<tr class="row-12 even">
	<td class="column-1">Duschen</td><td class="column-2">inkl.</td><td class="column-3">inkl.</td>
</tr>
<tr class="row-13 odd">
	<td class="column-1">Hunde</td><td class="column-2">5,00 €</td><td class="column-3">6,00 €</td>
</tr>
<tr class="row-14 even">
	<td class="column-1">zusätzliches Zelt</td><td class="column-2">2,50 €</td><td class="column-3">3,50 €</td>
</tr>
<tr class="row-15 odd">
	<td class="column-1">Besucherparkplatz pro Tag</td><td class="column-2">3,00 €</td><td class="column-3">5,00 €</td>
</tr>
<tr class="row-16 even">
	<td class="column-1"></td><td class="column-2"></td><td class="column-3"></td>
</tr>
<tr class="row-17 odd">
	<td class="column-1">Kurtaxe „Ostsee Card“*</td><td class="column-2">3,50 €</td><td class="column-3">3,50 €</td>
</tr>
<tr class="row-18 even">
	<td class="column-1">*Kurabgabezeiten beziehen sich auf die aktuelle Fassung der Kurabgabensatzung der Gemeinde Dahme</td><td class="column-2">01.04.-05.10.2026</td><td class="column-3">01.04.-05.10.2026</td>
</tr>
</tbody>
</table>
<!-- #tablepress-1 from cache --></strong></p>
<div class='et-box et-shadow'>
					<div class='et-box-content'>Gerne sind wir Ihnen bei der Stellplatzauswahl behilflich. Ein persönliches Angebot senden wir Ihnen nach Ihren Wünschen zu, schreiben Sie uns eine Nachricht an<a href="mailto:kontakt@camping-stieglitz.de"> kontakt@camping-stieglitz.de</a>.</p>
<p>Spezielle Angebote finden Sie bei uns unter den <a href="http://camping-stieglitz.de/wir-uber-den-campingplatz/angebote/">Camping Angeboten</a>! In der Vor und Nachsaison bieten wir Ihnen unverbindliche Reservierungen an und wenn möglich auch eine späte Abreise. Wir freuen uns auf Ihren Besuch!</p>
<p>Telefon <a href="tel:+4943641435">+49 4364 </a>471440</div></div>
<div class='et-box et-shadow'>
					<div class='et-box-content'>Hier finden Sie unsere <a href="http://camping-stieglitz.de/wp-content/uploads/2023/12/Reservierungsbedingungen-2024-Mails-Website.pdf" target="_blank" rel="noopener">Reservierungsbedingungen</a> als .pdf</div></div>
<div class='et-box et-shadow'>
					<div class='et-box-content'>Hier finden Sie unseren <a href="http://camping-stieglitz.de/wp-content/uploads/2011/01/VS-Fly-Stieglitz.pdf">Lageplan des Camping Stieglitz&nbsp;</a>als .pdf</div></div>
<div class='et-box et-shadow'>
					<div class='et-box-content'>Hier finden Sie unseren&nbsp;<a href="http://camping-stieglitz.de/wp-content/uploads/2011/01/543_1216817009.pdf">Prospekt des Camping Stieglitz</a> als .pdf</div></div>
<p>&nbsp;</p>


<p></p>

<p>Unser Camping Stieglitz hier an der Ostsee bei Dahme bietet verschiedene Größen von Stellplätzen an. Die Natur und Ihr Erlebnis stehen bei uns im Vordergrund. Genug Platz zum Grillen und auch wenn Sie für Ihre Kinder oder Motorräder ein extra Stück Wiese brauchen finden Sie dies an Ihrem Stellplatz. &nbsp;</p>
